r when (74/(-8))/(4/(-32)) is divided by a/(-8)*-10*2?
24
Suppose z + 2 = 4, -i - 3*z = -37. Let n = -15 + i. Calculate the remainder when n is divided by 183/21 + 6/21.
7
Let w(j) = -4*j + 3. Suppose -3*x - 67 = -5*x + 3*l, 5*x = -l + 142. Calculate the remainder when x is divided by w(-3).
14
Let q(u) = u**3 - 2*u**2 - u - 4. Let f be q(3). Let v be 2 + f/((-6)/(-93)). What is the remainder when v/4*(-16)/(-6) is divided by 8?
6
Suppose 6*k - k - 26 = 2*t, 0 = -3*k - t + 20. Suppose 80 = -0*j + 5*j. Calculate the remainder when j is divided by k.
4
Let l(w) = -w**2 - 12*w - 12. What is the remainder when l(-7) is divided by 5?
3
Let d(r) = -r**3 + 6*r**2 + r + 1. What is the remainder when 26 is divided by d(6)?
5
Calculate the remainder when 74 is divided by (-4)/((4/6)/((-32)/12)).
10
Let q(p) = 112*p**2 - 6*p - 5. Calculate the remainder when q(-1) is divided by 23.
21
Let t(l) = 16*l - 2. Suppose 5*a - 4*a + 3 = 0. What is the remainder when t(3) is divided by 16/(-3)*1*a?
14
Suppose 8 = 8*w - 4*w. Let g = w - -4. What is the remainder when 23 is divided by g?
5
Suppose -5*b - g + 115 = g, 0 = -5*b - 3*g + 115. Suppose 2*i - 3*m = i + b, -3*m + 45 = 3*i. Calculate the remainder when i is divided by 10.
7
Let i be (-17 + 2)/(6/4). Let u = -6 - i. Let o = -5 - -11. What is the remainder when o is divided by u?
2
Let c = -1 + 2. Let p(j) = 3*j - 1. Let s be p(c). Suppose -q - 5 = -s*q. Calculate the remainder when 9 is divided by q.
4
Suppose -5*l - 4 = -19. Let i = 885 + -879. Calculate the remainder when i is divided by l.
0
Suppose -5*t + 150 = -290. Suppose 5*p = 3*i - 83, t = 4*i + p - 2*p. What is the remainder when i is divided by 8?
5
Suppose -66 = -3*s + 5*z, z + 88 = 2*s + 3*s. Let n = s + 4. Suppose 0 = h + 2*h - n. What is the remainder when 19 is divided by h?
5
Let g(a) = a - 8. Let y be g(-6). Let s = 6 - y. Calculate the remainder when s is divided by 2/(5/(35/2)).
6
Let s = 459 + -285. What is the remainder when s is divided by 60?
54
What is the remainder when 35 is divided by (18/(-10))/((-3)/30)?
17
Suppose 3*s + 162 = 3*b, 4*b - 5*b - 4*s + 39 = 0. What is the remainder when b is divided by 18?
15
What is the remainder when 24 is divided by ((-26)/4)/((-2)/4)?
11
Let g(x) = -x**3 + 7*x**2 - 4*x - 6. What is the remainder when 16 is divided by g(6)?
4
Suppose -h = -3*w + 5, -2*h + 3*h - 2*w + 2 = 0. Suppose -5*x + 57 = 3*m, 0*x + h*x = -m + 19. What is the remainder when m is divided by 7?
5
What is the remainder when 3/3*(42 + -1) is divided by 21?
20
Suppose 0 = -k - k + 8. Suppose b = -k*b + 85. Suppose 0 = 3*g - 3*c - 85 - 77, 0 = -2*g - 3*c + 83. Calculate the remainder when g is divided by b.
15
Suppose 3*k - 4*k + 28 = 0. What is the remainder when k is divided by 3/(18/15 - 1)?
13
Let h = 2 + -3. What is the remainder when 23 is divided by h + 14 + (1 - 2)?
11
Suppose 5*a = a - 3*q + 4, -2*a + 3*q = -20. Suppose 0 = -a*u - u + 45. Calculate the remainder when 25 is divided by u.
7
Suppose 0 = 4*q - 3*q - 18. Let j(y) = 8*y**2 + 18*y**2 + 26*y**2. What is the remainder when j(-1) is divided by q?
16
Suppose 0 = -u + 13 + 1. Let n(l) = -2*l**3 - u*l**2 - 6 + 10*l**2 + 2. Calculate the remainder when 41 is divided by n(-3).
13
Suppose -4*y - 7*n = -4*n - 396, -99 = -y + 3*n. Calculate the remainder when y is divided by 17.
14
Suppose -160*a + 164*a = 284. Calculate the remainder when a is divided by 18.
17
Let z be (-1 - 2) + 20/5. Calculate the remainder when 9 is divided by z/3 + (-153)/(-27).
3
Calculate the remainder when 10 is divided by 9/((-63)/(-2)) - (-108)/14.
2
Let n = -6 - -10. Calculate the remainder when (-4)/(1 + 3) - -11 is divided by n.
2
Suppose 0 = -4*z - 0 + 60. Calculate the remainder when 42 is divided by z.
12
Suppose -2*s = -6*s + 240. Suppose 4*x = -4*r + s, -2 - 1 = -r + 5*x. What is the remainder when 23 is divided by r?
10
Suppose -5*j - 10 = 0, -2*m + 5*m = -5*j + 164. Calculate the remainder when 173 is divided by m.
57
Let u = 0 + 2. Suppose -8*g = -3*g - 15, 2*o = u*g + 66. What is the remainder when o is divided by 13?
10
Let f(o) = -o**2 + 16*o + 17. Suppose 0 = -3*b + 27 + 72. What is the remainder when b is divided by f(16)?
16
Let n be 270/8 - 2/(-8). Suppose 0 = h - 3*h + n. Suppose -4*k = -4 - 32. What is the remainder when h is divided by k?
8
Suppose 76 = 7*r - 3*r. Let l = r - 5. Let b(s) = -4*s + 6. Calculate the remainder when b(-5) is divided by l.
12
Suppose l = 3*s - 9, s + l = -s + 6. Suppose 5 = s*y - 4. Calculate the remainder when 3 is divided by y.
0
Let k = -68 - -102. What is the remainder when k is divided by 9?
7
Suppose -25 = -9*l + 4*l. Calculate the remainder when (18 - 0) + (-4 - 1) + 6 is divided by l.
4
Suppose -d + 3*h + 0*h = 9, 4*d - h - 8 = 0. Suppose 0 = -2*j + 7*j - 2*m - 371, d*j - 221 = 2*m. What is the remainder when j is divided by 19?
18
Let k(i) = 23*i + 1. Suppose 78 = 3*z + 3*p, 4*z - p - 94 = -0*p. Calculate the remainder when k(2) is divided by z.
23
Suppose -6 + 14 = 4*j + 4*p, 4*p + 20 = 3*j. Let f = 147 - 136. What is the remainder when f is divided by j?
3
Suppose 0 = -z - 5*s + 44, 5*s = z + 3*z - 51. Suppose 0 = -2*b + 5*p - 5, 0*b + 4*b - 5 = -5*p. What is the remainder when -6*((-12)/2 - b) is divided by z?
17
Suppose 5*u = -3*f + 181, 3*f - 5*u - 141 + 10 = 0. Suppose 12 + f = 4*h. Suppose 12 - 3 = j. What is the remainder when h is divided by j?
7
Let m(b) = 35*b**3 - b**2. What is the remainder when m(1) is divided by 9?
7
Suppose -46 = -4*o - a + 20, 0 = 4*o + 5*a - 74. Suppose o = 4*k - k - 5*g, -5 = -5*g. Calculate the remainder when k is divided by 3.
1
Let r be ((-7)/(-2) - 3)*4. Suppose -15 = 3*h + r*h, 0 = -f - 3*h + 26. What is the remainder when f is divided by 12?
11
Suppose 4*u - 83 = 3*a, -4*a = 3*u - 0*a - 31. What is the remainder when 32 is divided by u?
15
Let q = 78 - 42. Calculate the remainder when q is divided by 19.
17
Suppose g - 3*w + 45 = 4*g, -3*g + 60 = -2*w. What is the remainder when g is divided by (32/(-6))/(2/(-3)) - 3?
3
Suppose 4*n = 5*n + 5. Let i = n - -4. What is the remainder when ((i - 16) + 1)*-1 is divided by 6?
4
What is the remainder when (-1 + 3)*141/2 is divided by 36?
33
Suppose t - 81 = -2*t. What is the remainder when t is divided by (2 + -1)/((-2)/(-28))?
13
Suppose 4*j = -4*n + 32, -n - 3*j + 1 + 15 = 0. Suppose -136 = -0*y - n*y. Calculate the remainder when y is divided by 18.
16
Let l = 15 + -11. Suppose -16 = -2*u + 2*p + 3*p, -l*u + 3*p = -18. What is the remainder when 4 is divided by u?
1
Suppose 0 = 2*g + 3*g - 15. Let w be 4/14 + (-1164)/(-42). Suppose 7 = -g*t + w. What is the remainder when 12 is divided by t?
5
Let k = 50 + 28. What is the remainder when k is divided by 28?
22
Let b(h) = h**3 - 8*h**2 - 4*h - 13. Let k be (0 + 1)/3*27. Calculate the remainder when 93 is divided by b(k).
29
Suppose 0 = 3*a - j - 193, 0 = -a + 3*j - 9 + 84. What is the remainder when a is divided by 28?
7
Suppose -2*l = -0*l. Suppose j + 2*j - 24 = l. What is the remainder when 14 is divided by j?
6
Let n = -20 - -23. Calculate the remainder when 3 is divided by n.
0
Suppose -6 = -2*l - 2*t, -3*l + t = 6*t - 13. Calculate the remainder when 1 is divided by l.
0
Let a = 12 - -50. Let t = a - 43. What is the remainder when t is divided by 5?
4
Let t(h) = -h**2 + 3*h + 22. Calculate the remainder when t(5) is divided by 8.
4
Suppose 4*f = 24 - 0. What is the remainder when f is divided by 3?
0
Let m(o) = 5*o - 7. Suppose -5*v + 13 = -202. Suppose 0 = -5*x + 222 + v. Calculate the remainder when x is divided by m(5).
17
Let r be 2/(1*-2)*-1. Calculate the remainder when (3*r)/((-15)/(-140)) is divided by 15.
13
Let m = -4 - -10. Let b(u) = u**2 - 7. Suppose -2*r + 6*r - 60 = 0. Calculate the remainder when b(m) is divided by r.
14
Let m be 4/(8/(-6)) - 12. Calculate the remainder when (-6)/m + (-128)/(-5) is divided by 9.
8
Let n(d) = 2*d**2 + 2. What is the remainder when 4 is divided by n(-1)?
0
Let r = -5 + 1. Let o = r - -18. Calculate the remainder when 39 is divided by o.
11
Suppose 2*b = 1 - 3. Let o be ((-216)/(-32))/(1/(-8)). Calculate the remainder when 58 is divided by b/(3/o) - -2.
18
Suppose -112 = -2*r + 2*a, 0 = -4*a + 10 + 2. Calculate the remainder when r is divided by 